{"id":313,"date":"2025-09-01T11:36:13","date_gmt":"2025-09-01T09:36:13","guid":{"rendered":"https:\/\/amicalechardonsbleus.fr\/?page_id=313"},"modified":"2026-08-03T10:34:36","modified_gmt":"2026-08-03T08:34:36","slug":"jardins-partages","status":"publish","type":"page","link":"https:\/\/amicalechardonsbleus.fr\/?page_id=313","title":{"rendered":"JARDINS PARTAGES"},"content":{"rendered":"\n<figure class=\"wp-block-image size-full\"><img loading=\"lazy\" decoding=\"async\" width=\"445\" height=\"181\" src=\"https:\/\/amicalechardonsbleus.fr\/wp-content\/uploads\/2026\/08\/JardinsPartages2026_1.jpg\" alt=\"\" class=\"wp-image-382\" srcset=\"https:\/\/amicalechardonsbleus.fr\/wp-content\/uploads\/2026\/08\/JardinsPartages2026_1.jpg 445w, https:\/\/amicalechardonsbleus.fr\/wp-content\/uploads\/2026\/08\/JardinsPartages2026_1-300x122.jpg 300w\" sizes=\"auto, (max-width: 445px) 100vw, 445px\" \/><\/figure>\n\n\n\n<p class=\"wp-block-paragraph\">La section des Jardins partag\u00e9s de l\u2019Amicale des Chardons bleus a commenc\u00e9 ses activit\u00e9s en 2026 et les poursuivra dans les ann\u00e9es qui viennent.\u00a0<\/p>\n\n\n\n<p class=\"wp-block-paragraph\">Le d\u00e9partement de Charente Maritime a en effet accord\u00e9 \u00e0 l\u2019Amicale le Clos du Carlot-Est et un champ attenant.\u00a0<\/p>\n\n\n\n<p class=\"wp-block-paragraph\">Ce clos dispose en outre d\u2019un puit ce qui nous permet d\u2019arroser la plupart de nos cultures.<\/p>\n\n\n\n<p class=\"wp-block-paragraph\">Chacun pourra faire pousser ce que bon lui semble dans le cadre d\u2019un cahier des charges qui interdit notamment les pesticides, la plantation d\u2019arbre, la construction de cabanes etc.<\/p>\n\n\n\n<p class=\"wp-block-paragraph\">Dans un premier temps, une vingtaine de parcelles de 42 m2 environ pourront \u00eatre d\u00e9limit\u00e9es dans le clos et le champ attenant pourra \u00eatre utilis\u00e9 si le nombre de candidats jardiniers se r\u00e9v\u00e8le tr\u00e8s important&#8230; <\/p>\n\n\n\n<p class=\"wp-block-paragraph\">Renseignements \u00a0\u00a0aupr\u00e8s de Christian Ferrand au 06 61 76 19 76 ou par email aupr\u00e8s de l&rsquo;association \u00e0 amicalechardonsbleus@orange.fr<\/p>\n\n\n\n<p class=\"wp-block-paragraph\"><\/p>\n","protected":false},"excerpt":{"rendered":"<p>La section des Jardins partag\u00e9s de l\u2019Amicale des Chardons bleus a commenc\u00e9 ses activit\u00e9s en 2026 et les poursuivra dans les ann\u00e9es qui viennent.\u00a0 Le d\u00e9partement de Charente Maritime a en effet accord\u00e9 \u00e0 l\u2019Amicale le Clos du Carlot-Est et un champ attenant.\u00a0 Ce clos dispose en outre d\u2019un puit ce qui nous permet d\u2019arroser &hellip; <\/p>\n<p class=\"link-more\"><a href=\"https:\/\/amicalechardonsbleus.fr\/?page_id=313\" class=\"more-link\">Continuer la lecture<span class=\"screen-reader-text\"> de &laquo;&nbsp;JARDINS PARTAGES&nbsp;&raquo;<\/span><\/a><\/p>\n","protected":false},"author":1,"featured_media":0,"parent":0,"menu_order":0,"comment_status":"closed","ping_status":"closed","template":"","meta":{"footnotes":""},"class_list":["post-313","page","type-page","status-publish","hentry"],"_links":{"self":[{"href":"https:\/\/amicalechardonsbleus.fr\/index.php?rest_route=\/wp\/v2\/pages\/313","targetHints":{"allow":["GET"]}}],"collection":[{"href":"https:\/\/amicalechardonsbleus.fr\/index.php?rest_route=\/wp\/v2\/pages"}],"about":[{"href":"https:\/\/amicalechardonsbleus.fr\/index.php?rest_route=\/wp\/v2\/types\/page"}],"author":[{"embeddable":true,"href":"https:\/\/amicalechardonsbleus.fr\/index.php?rest_route=\/wp\/v2\/users\/1"}],"replies":[{"embeddable":true,"href":"https:\/\/amicalechardonsbleus.fr\/index.php?rest_route=%2Fwp%2Fv2%2Fcomments&post=313"}],"version-history":[{"count":4,"href":"https:\/\/amicalechardonsbleus.fr\/index.php?rest_route=\/wp\/v2\/pages\/313\/revisions"}],"predecessor-version":[{"id":383,"href":"https:\/\/amicalechardonsbleus.fr\/index.php?rest_route=\/wp\/v2\/pages\/313\/revisions\/383"}],"wp:attachment":[{"href":"https:\/\/amicalechardonsbleus.fr\/index.php?rest_route=%2Fwp%2Fv2%2Fmedia&parent=313"}],"curies":[{"name":"wp","href":"https:\/\/api.w.org\/{rel}","templated":true}]}}

<figure class="wp-block-image size-full"><img loading="lazy" decoding="async" width="445" height="181" src="https://amicalechardonsbleus.fr/wp-content/uploads/2026/08/JardinsPartages2026_1.jpg" alt="" class="wp-image-382" srcset="https://amicalechardonsbleus.fr/wp-content/uploads/2026/08/JardinsPartages2026_1.jpg 445w, https://amicalechardonsbleus.fr/wp-content/uploads/2026/08/JardinsPartages2026_1-300x122.jpg 300w" sizes="auto, (max-width: 445px) 100vw, 445px" /></figure>



<p class="wp-block-paragraph">La section des Jardins partagés de l’Amicale des Chardons bleus a commencé ses activités en 2026 et les poursuivra dans les années qui viennent. </p>



<p class="wp-block-paragraph">Le département de Charente Maritime a en effet accordé à l’Amicale le Clos du Carlot-Est et un champ attenant. </p>



<p class="wp-block-paragraph">Ce clos dispose en outre d’un puit ce qui nous permet d’arroser la plupart de nos cultures.</p>



<p class="wp-block-paragraph">Chacun pourra faire pousser ce que bon lui semble dans le cadre d’un cahier des charges qui interdit notamment les pesticides, la plantation d’arbre, la construction de cabanes etc.</p>



<p class="wp-block-paragraph">Dans un premier temps, une vingtaine de parcelles de 42 m2 environ pourront être délimitées dans le clos et le champ attenant pourra être utilisé si le nombre de candidats jardiniers se révèle très important&#8230; </p>



<p class="wp-block-paragraph">Renseignements   auprès de Christian Ferrand au 06 61 76 19 76 ou par email auprès de l&rsquo;association à amicalechardonsbleus@orange.fr</p>



<p class="wp-block-paragraph"></p>

<p>La section des Jardins partagés de l’Amicale des Chardons bleus a commencé ses activités en 2026 et les poursuivra dans les années qui viennent.  Le département de Charente Maritime a en effet accordé à l’Amicale le Clos du Carlot-Est et un champ attenant.  Ce clos dispose en outre d’un puit ce qui nous permet d’arroser &hellip; </p>
<p class="link-more"><a href="https://amicalechardonsbleus.fr/?page_id=313" class="more-link">Continuer la lecture<span class="screen-reader-text"> de &laquo;&nbsp;JARDINS PARTAGES&nbsp;&raquo;</span></a></p>
